 z be p(-15). What is the tens digit of (-2)/22 - (-970)/z?
4
Suppose 8*o + 65715 = 47*o. What is the units digit of 19/38 + o/2?
3
Let x be (-850113)/465 + 1/5. Let g = x + 2950. What is the thousands digit of g?
1
Let p(v) = v**2 - 9*v - 27. Let o be p(-4). Let d(k) = -k**2 + 51*k. What is the tens digit of d(o)?
5
Let k(g) be the first derivative of g**4/4 + 2*g**3 - 2*g**2 + 8. Let q be k(-5). What is the units digit of (36/q)/(4/30)?
6
Suppose 6525261 = 182*h + 25*h. What is the ten thousands digit of h?
3
Let s = -37 - -40. Suppose s*y + 8 - 200 = 0. What is the units digit of y?
4
Let k(n) = -n**3 + 91*n**2 + 159*n - 590. What is the hundreds digit of k(88)?
6
Suppose 2*o - 6*o = -52. Suppose 0 = 777*c - 783*c + 618. Let u = c - o. What is the tens digit of u?
9
Suppose -2*x = -10, 5*m + 3*x + 0*x = 12725. What is the tens digit of m?
4
Let l(y) = -2*y + 22. Let z be l(-7). Let k = z + -42. Let m(h) = -9*h + 30. What is the tens digit of m(k)?
8
Let o(x) = -x**3 + 13*x**2 + 7*x + 103. Let p be o(14). Suppose -4*t - 3*d + 2683 = -2*t, d = p. What is the hundreds digit of t?
3
Suppose -43270 + 152932 = -20*q + 69*q. What is the thousands digit of q?
2
Suppose -21*j = -6721 - 2540. Suppose 5*z - j = 9. What is the tens digit of z?
9
What is the tens digit of -1*11 - (-146 - 23140)?
7
Suppose 6*s - 10*s = -292. Let x = 213 - s. What is the units digit of x?
0
Suppose 0 = -6*a + 19*a - 77233. Suppose -3*m = -16*m + a. What is the tens digit of m?
5
Let u = 141 - 125. Suppose -1655 = -u*h + 11*h. What is the tens digit of h?
3
Let x be (-2445)/(-3) + (6 - 9). Let z = x - 437. What is the units digit of z?
5
What is the tens digit of ((-1716)/8)/(51/(-88672)*8)?
1
Suppose -g = -2*z - 19756, 10*g - 5*z - 151822 = 45648. What is the hundreds digit of g?
7
Let q(v) be the first derivative of 35*v**3/3 + 53*v**2/2 + 9*v - 9. What is the hundreds digit of q(-5)?
6
Let q = 76 + -72. Suppose 5990 = 6*a + q*a. What is the units digit of a?
9
Let v(n) = 466*n - 10188. What is the ten thousands digit of v(105)?
3
Let p = -804 - -453. Let m = 531 + p. What is the units digit of m?
0
Let c be (-95240)/50 + (-1)/5. Let p = -1053 - c. What is the tens digit of p?
5
Suppose 2*j - 6*l + l = 21, 2*l = -2. Let i(h) = 2 - 3*h**2 - h**3 + 2*h**2 - 4 - j*h. What is the hundreds digit of i(-5)?
1
Suppose 0 = -3*i + 3*v + 30, 7*i - 20 = 6*i - 4*v. Suppose 2684 = -i*u + 18236. What is the tens digit of u?
9
Let f(x) = -3467*x + 1940. What is the ten thousands digit of f(-12)?
4
Suppose -15*z + 5*x + 122697 - 4222 = 0, -z + 2*x = -7905. What is the thousands digit of z?
7
Let n(t) = 13*t - 9. Let s be n(1). Suppose 2*v = -s*x + 1010, -x + 3*v = 9 - 244. What is the units digit of x?
0
Let l(h) = -h**2 + 26*h - 45. Let n be l(27). Let a = 105 + n. Suppose 0 = -b + 56 + a. What is the tens digit of b?
8
Let h = 30 - -2. Suppose 0 = -0*b + 2*b + 2*a + h, 0 = 3*b - 3*a + 24. What is the tens digit of (3*(-16)/10)/(b/40)?
1
Suppose -3*k - r + 2181 = -84217, -4*k + 5*r = -115153. What is the tens digit of k?
9
What is the thousands digit of (-1021804)/(-19) + (-141)/893?
3
Let r = 37 + -33. Suppose 0 = 5*u + r*w - 2786, 323 = u - 3*w - 238. Suppose -5*z + 208 = -5*k + u, -k + 4*z + 82 = 0. What is the units digit of k?
6
Let i = -5435 + -6469. What is the units digit of 18/3 + i/(-8)?
4
Suppose 4*z + 3*s = -0*s - 2259, -2*s + 573 = -z. What is the tens digit of (z/45)/(9/(-330))?
6
Let l = 648 - 636. Suppose -l*p = 7*p - 95. What is the units digit of p?
5
Suppose -2*z + 4*y - 4 = -4*z, z - y - 2 = 0. Suppose -z*g + 354 = -462. Suppose -4*b = 5*s - 387 - 338, 3*s - 3*b - g = 0. What is the units digit of s?
1
Let y(g) = -5*g**3 - 8*g**2 + 21*g + 42. Let l be y(-12). Suppose 4*m + i = l, 1826 = m - 0*m - 3*i. What is the thousands digit of m?
1
Suppose -h = -20*h - 23*h + 3292548. What is the hundreds digit of h?
3
Suppose 5*i = -2*c + 869, -i + 1002 = 3*c - 269. Suppose -f + 243 = 3*v, 3*f + f + c = 5*v. What is the tens digit of v?
8
Suppose -3*m = 127 - 2221. Let j(k) = 154*k - 7. Let r be j(1). Suppose m = 5*s - r. What is the tens digit of s?
6
Suppose 13*k + 13 - 78 = 0. Suppose -2*g = -k*b + 6*b - 777, -3*b + 2309 = -5*g. What is the tens digit of b?
7
Let r(n) = -n**2 - 5*n + 2. Let y be r(-4). Let s(c) = 2*c**3 - 4*c**2 - 13*c - 1. Let h be s(y). Suppose 0 = 10*w - h - 61. What is the units digit of w?
7
Let v(s) = -27 - 7*s + 7*s**2 + 8 - s**3 + 3*s**2. Suppose 37*r - 38*r - 14 = -2*o, -2*r + 7 = o. What is the units digit of v(o)?
9
Let h(z) = -z**2 - 11*z - 26. Let f be h(-5). Suppose 0 = f*x - 2*c - 1034, -5*c = 4*x - 484 - 543. What is the hundreds digit of x?
2
Let q be (48/64)/(6/32). Suppose -q*s - 4*j = -5556, -10*j - 4142 = -3*s - 8*j. What is the thousands digit of s?
1
Suppose -42732 - 40759 = -29*s. What is the units digit of s?
9
Suppose 27*g - 5*g - 4356 = 0. Let l = g - 76. What is the units digit of l?
2
Suppose 74*p = 1955470 + 2868608 - 1614106. What is the hundreds digit of p?
3
Suppose 4*v = 4*q, -5*v + 4 = 3*q - 7*q. Let f be (v/(-1 + 9))/1*4. What is the units digit of f/9 - (-2289)/27?
5
Let u = 9807 + -1992. What is the tens digit of u?
1
Suppose 49*m - 44*m - 1456 = -n, 5*m + 5724 = 4*n. What is the tens digit of n?
3
Let m be 128/(9 + (-37)/4). Let c = 612 + m. What is the units digit of c?
0
Suppose -11*k + 147 = -17728. Let c = k - 768. What is the hundreds digit of c?
8
Let f = 54 - 52. Suppose -7*l = f*l + 504. Let s = -35 - l. What is the units digit of s?
1
Suppose 0 = -7*t - 0 + 322. Let p = t + 22. Suppose 71*g - p*g = 162. What is the units digit of g?
4
Let v(m) = -88*m + 1587. Let l be v(18). Let o be -2 + 2/((-4)/(-1286)). Suppose -3*q + p = -o, q - l*p - 227 = -0*q. What is the units digit of q?
2
Suppose -3*u - 3*s - 303 = 0, -s - 3*s = 3*u + 301. Let y = u - -213. Suppose 24*p + y = 25*p. What is the tens digit of p?
1
Let g(u) = 10*u**3 + 46*u**2 - 33*u + 12. What is the hundreds digit of g(10)?
2
Let w = -122 - -215. Let z = 96 - w. Suppose z*p - 46 = -2*b + 25, 4 = -2*b. What is the units digit of p?
5
Let l be (24/14)/(213/497). Suppose -l*g + 5*x - 3*x = -7162, -3*g + 5359 = -4*x. What is the thousands digit of g?
1
Let w(r) = -4*r**2 - 78*r + 23. Let n be w(-13). Let v = n + 866. What is the thousands digit of v?
1
Let r(z) = 15*z - 230. Let n be r(-6). Let k = 404 + n. What is the units digit of k?
4
Suppose 12492 = 10*x - 6*x. Suppose -x = -12*g - 459. What is the hundreds digit of g?
2
Let w be 6 - 3*(-4106)/3. Suppose -2*b + 3*v + 1648 = v, 5*b = v + w. What is the units digit of b?
2
Suppose -640*p = -637*p + s - 84473, 0 = -2*p - s + 56315. What is the units digit of p?
8
What is the thousands digit of -2*(-7234)/16*(175/7 + -13)?
0
Let w be (-16)/(-20)*5/2. Suppose 3*f - 384 = -w*i, 3*f - 723 = -3*i - 147. What is the tens digit of i?
9
Let m be (-2 - (4 - -2415))/(12/8). What is the tens digit of (-72)/48 - m/4?
0
Let h(a) = -7*a - 2. Suppose 4*g + o - 3*o + 2 = 0, -2*o = 2*g + 10. Let y be h(g). Let c(m) = 2*m - 5. What is the units digit of c(y)?
9
Let o = 22239 - 12561. What is the tens digit of o?
7
Suppose -56*w + 72 = -60*w. Let g be -1 + w/(-14) - (-3681)/(-21). Let m = -125 - g. What is the tens digit of m?
5
What is the hundreds digit of -4505*(15/6*-1 - 24/(-16))?
5
Let t(y) = y**3 - 47*y**2 + 9*y. Let p be t(8). Let a = -1371 - p. What is the units digit of a?
3
Suppose -3*h = 2*u - 1, 14*u - 3*h - 11 = 10*u. What is the units digit of 427/21*(-1 + u + 20)?
7
Let f(p) = -18*p**3 - 26*p**2 - 135*p - 12. What is the hundreds digit of f(-9)?
2
What is the tens digit of 3241 + 44/(-55)*-10?
4
Let d be 60/4*(-3 - 0). Let q = d - -51. Suppose 0*s + 726 = q*s. What is the tens digit of s?
2
Let w(b) = -52*b + 25. Let v be w(9). Let t = -215 - v. What is the hundreds digit of t?
2
Let p(n) = -n + 10. Suppose 0 = 3*x + 3*x - 6. Let f(k) = 7*k. Let q be f(x). What is the units digit of p(q)?
3
Let j = -65 - 41. Let l = 292 - 172. Let h = j + l. What is the tens digit of h?
1
Let k(y) = -2*y**3 - 60*y**2 + 97*y + 5960. What is the units digit of k(-42)?
2
Suppose 30*s + 150 = -60. What is the tens digit of s/(-63) + (-4652)/(-9)?
1
Suppose 0 = -68*h + 72*h + 92. Let n(j) = -3*j + 121. What is the tens digi